{"id":101,"date":"2010-03-04T17:33:40","date_gmt":"2010-03-04T17:33:40","guid":{"rendered":"http:\/\/www.zinshauscompany.com\/cms\/?page_id=101"},"modified":"2014-02-21T11:19:34","modified_gmt":"2014-02-21T11:19:34","slug":"portfolien","status":"publish","type":"page","link":"https:\/\/www.zinshauscompany.com\/klassisch\/das-suchen-unsere-kunden\/portfolien\/","title":{"rendered":"Fu\u00dfg\u00e4ngerzonenimmobilien"},"content":{"rendered":"<p><strong>Fu\u00dfg\u00e4ngerzonenimmobilien<\/strong> in A-Lagen. In St\u00e4dten mit mehr als 250.000 Einwohnern auch in B-Lagen. Die Lage sollte durch eine hohe Passantenfrequenz und einen hohen Filialisierungsgrad gepr\u00e4gt sein. F\u00fcr Immobilien dieser Kategorie besteht kein Kaufpreislimit. <\/p>\n","protected":false},"excerpt":{"rendered":"<p>Fu\u00dfg\u00e4ngerzonenimmobilien in A-Lagen. In St\u00e4dten mit mehr als 250.000 Einwohnern auch in B-Lagen. Die Lage sollte durch eine hohe Passantenfrequenz und einen hohen Filialisierungsgrad gepr\u00e4gt sein. F\u00fcr Immobilien dieser Kategorie besteht kein Kaufpreislimit.<\/p>\n","protected":false},"author":1,"featured_media":0,"parent":8,"menu_order":0,"comment_status":"open","ping_status":"open","template":"","meta":{"footnotes":""},"class_list":["post-101","page","type-page","status-publish","hentry"],"aioseo_notices":[],"_links":{"self":[{"href":"https:\/\/www.zinshauscompany.com\/klassisch\/wp-json\/wp\/v2\/pages\/101","targetHints":{"allow":["GET"]}}],"collection":[{"href":"https:\/\/www.zinshauscompany.com\/klassisch\/wp-json\/wp\/v2\/pages"}],"about":[{"href":"https:\/\/www.zinshauscompany.com\/klassisch\/wp-json\/wp\/v2\/types\/page"}],"author":[{"embeddable":true,"href":"https:\/\/www.zinshauscompany.com\/klassisch\/wp-json\/wp\/v2\/users\/1"}],"replies":[{"embeddable":true,"href":"https:\/\/www.zinshauscompany.com\/klassisch\/wp-json\/wp\/v2\/comments?post=101"}],"version-history":[{"count":8,"href":"https:\/\/www.zinshauscompany.com\/klassisch\/wp-json\/wp\/v2\/pages\/101\/revisions"}],"predecessor-version":[{"id":1331,"href":"https:\/\/www.zinshauscompany.com\/klassisch\/wp-json\/wp\/v2\/pages\/101\/revisions\/1331"}],"up":[{"embeddable":true,"href":"https:\/\/www.zinshauscompany.com\/klassisch\/wp-json\/wp\/v2\/pages\/8"}],"wp:attachment":[{"href":"https:\/\/www.zinshauscompany.com\/klassisch\/wp-json\/wp\/v2\/media?parent=101"}],"curies":[{"name":"wp","href":"https:\/\/api.w.org\/{rel}","templated":true}]}}