{"id":49,"date":"2010-03-02T12:00:58","date_gmt":"2010-03-02T12:00:58","guid":{"rendered":"http:\/\/www.zinshauscompany.com\/cms\/?page_id=49"},"modified":"2026-01-05T08:19:31","modified_gmt":"2026-01-05T08:19:31","slug":"startseite","status":"publish","type":"page","link":"https:\/\/www.zinshauscompany.com\/klassisch\/","title":{"rendered":"Startseite"},"content":{"rendered":"<h2 style=\"margin-bottom: 20px;\">Zinshaus<span style=\"color: #ff0000;\">Company<\/span> Dortmund OHG -\u2013 Ihr Immobilienmakler<\/h2>\n<p>Wir sind spezialisiert auf die Vermarktung von Wohn- und Gesch\u00e4ftsh\u00e4usern, Mehrfamilienh\u00e4usern und Wohnanlagen. Mit fundierten Marktkenntnissen und einem Team langj\u00e4hriger und hochqualifizierter Fachleute bieten wir Ihnen Zuverl\u00e4ssigkeit und Professionalit\u00e4t.<\/p>\n<p>Dank unseres umfassenden Netzwerks und stets aktueller Marktinformationen liefern wir pr\u00e4zise Marktpreiseinsch\u00e4tzungen und detaillierte Vermarktungsanalysen, basierend auf realen Verkaufsdaten. Unsere transparente und effiziente Kaufabwicklung sowie pers\u00f6nl iche Beratungen er\u00f6ffnen Ihnen spannende Perspektiven.<\/p>\n<style>\n        table, th, td {\n            border-collapse: collapse;\n            padding: 8px;\n            text-align: center;\n        }\n    <\/style>\n<p style=\"margin-top: 51px;\"><strong>B\u00fcrozeiten:<\/strong><\/p>\n<table>\n<tr>\n<th> Montag <\/th>\n<th> Dienstag <\/th>\n<th> Mittwoch <\/th>\n<th> Donnerstag <\/th>\n<th> Freitag <\/th>\n<th> Samstag <\/th>\n<th> Sonntag <\/th>\n<\/tr>\n<tr>\n<td>08:30\u201317:00<\/td>\n<td>08:30\u201317:00<\/td>\n<td>08:30\u201317:00<\/td>\n<td>08:30\u201317:00<\/td>\n<td>08:00\u201314:00<\/td>\n<td> Geschlossen <\/td>\n<td> Geschlossen <\/td>\n<\/tr>\n<\/table>\n","protected":false},"excerpt":{"rendered":"<p>ZinshausCompany Dortmund OHG -\u2013 Ihr Immobilienmakler Wir sind spezialisiert auf die Vermarktung von Wohn- und Gesch\u00e4ftsh\u00e4usern, Mehrfamilienh\u00e4usern und Wohnanlagen. Mit fundierten Marktkenntnissen und einem Team langj\u00e4hriger und hochqualifizierter Fachleute bieten wir Ihnen Zuverl\u00e4ssigkeit und Professionalit\u00e4t. Dank unseres umfassenden Netzwerks und stets aktueller Marktinformationen liefern wir pr\u00e4zise Marktpreiseinsch\u00e4tzungen und detaillierte Vermarktungsanalysen, basierend auf realen Verkaufsdaten. Unsere [&hellip;]<\/p>\n","protected":false},"author":1,"featured_media":0,"parent":0,"menu_order":0,"comment_status":"open","ping_status":"open","template":"template_start.php","meta":{"footnotes":""},"class_list":["post-49","page","type-page","status-publish","hentry"],"aioseo_notices":[],"_links":{"self":[{"href":"https:\/\/www.zinshauscompany.com\/klassisch\/wp-json\/wp\/v2\/pages\/49","targetHints":{"allow":["GET"]}}],"collection":[{"href":"https:\/\/www.zinshauscompany.com\/klassisch\/wp-json\/wp\/v2\/pages"}],"about":[{"href":"https:\/\/www.zinshauscompany.com\/klassisch\/wp-json\/wp\/v2\/types\/page"}],"author":[{"embeddable":true,"href":"https:\/\/www.zinshauscompany.com\/klassisch\/wp-json\/wp\/v2\/users\/1"}],"replies":[{"embeddable":true,"href":"https:\/\/www.zinshauscompany.com\/klassisch\/wp-json\/wp\/v2\/comments?post=49"}],"version-history":[{"count":74,"href":"https:\/\/www.zinshauscompany.com\/klassisch\/wp-json\/wp\/v2\/pages\/49\/revisions"}],"predecessor-version":[{"id":3779,"href":"https:\/\/www.zinshauscompany.com\/klassisch\/wp-json\/wp\/v2\/pages\/49\/revisions\/3779"}],"wp:attachment":[{"href":"https:\/\/www.zinshauscompany.com\/klassisch\/wp-json\/wp\/v2\/media?parent=49"}],"curies":[{"name":"wp","href":"https:\/\/api.w.org\/{rel}","templated":true}]}}