{"id":95,"date":"2010-03-04T17:32:36","date_gmt":"2010-03-04T17:32:36","guid":{"rendered":"http:\/\/www.zinshauscompany.com\/cms\/?page_id=95"},"modified":"2014-02-21T11:20:37","modified_gmt":"2014-02-21T11:20:37","slug":"wohn-und-geschaftshauser","status":"publish","type":"page","link":"https:\/\/www.zinshauscompany.com\/klassisch\/das-suchen-unsere-kunden\/wohn-und-geschaftshauser\/","title":{"rendered":"Wohn- und Gesch\u00e4ftsh\u00e4user"},"content":{"rendered":"<p><strong>Wohn- und Gesch\u00e4ftsh\u00e4user<\/strong> in guten Innenstadtlagen, vorwiegend in Nordrhein-Westfalen. Die erwirtschaftete Nettokaltmiete der Immobilie sollte mindestens 80.000 \u20ac p. a. betragen. Der bauliche Zustand ist f\u00fcr unsere Kunden kein prim\u00e4res Entscheidungskriterium. <\/p>\n","protected":false},"excerpt":{"rendered":"<p>Wohn- und Gesch\u00e4ftsh\u00e4user in guten Innenstadtlagen, vorwiegend in Nordrhein-Westfalen. Die erwirtschaftete Nettokaltmiete der Immobilie sollte mindestens 80.000 \u20ac p. a. betragen. Der bauliche Zustand ist f\u00fcr unsere Kunden kein prim\u00e4res Entscheidungskriterium.<\/p>\n","protected":false},"author":1,"featured_media":0,"parent":8,"menu_order":0,"comment_status":"open","ping_status":"closed","template":"","meta":{"footnotes":""},"class_list":["post-95","page","type-page","status-publish","hentry"],"aioseo_notices":[],"_links":{"self":[{"href":"https:\/\/www.zinshauscompany.com\/klassisch\/wp-json\/wp\/v2\/pages\/95","targetHints":{"allow":["GET"]}}],"collection":[{"href":"https:\/\/www.zinshauscompany.com\/klassisch\/wp-json\/wp\/v2\/pages"}],"about":[{"href":"https:\/\/www.zinshauscompany.com\/klassisch\/wp-json\/wp\/v2\/types\/page"}],"author":[{"embeddable":true,"href":"https:\/\/www.zinshauscompany.com\/klassisch\/wp-json\/wp\/v2\/users\/1"}],"replies":[{"embeddable":true,"href":"https:\/\/www.zinshauscompany.com\/klassisch\/wp-json\/wp\/v2\/comments?post=95"}],"version-history":[{"count":7,"href":"https:\/\/www.zinshauscompany.com\/klassisch\/wp-json\/wp\/v2\/pages\/95\/revisions"}],"predecessor-version":[{"id":1334,"href":"https:\/\/www.zinshauscompany.com\/klassisch\/wp-json\/wp\/v2\/pages\/95\/revisions\/1334"}],"up":[{"embeddable":true,"href":"https:\/\/www.zinshauscompany.com\/klassisch\/wp-json\/wp\/v2\/pages\/8"}],"wp:attachment":[{"href":"https:\/\/www.zinshauscompany.com\/klassisch\/wp-json\/wp\/v2\/media?parent=95"}],"curies":[{"name":"wp","href":"https:\/\/api.w.org\/{rel}","templated":true}]}}